late the remainder when 1918 is divided by 80.
78
What is the remainder when 4930 is divided by 137?
135
What is the remainder when 2504 is divided by 23?
20
What is the remainder when 608 is divided by 122?
120
What is the remainder when 1404 is divided by 457?
33
Calculate the remainder when 6815 is divided by 220.
215
What is the remainder when 67 is divided by 34?
33
What is the remainder when 2056 is divided by 1019?
18
Calculate the remainder when 2493 is divided by 8.
5
Calculate the remainder when 159 is divided by 57.
45
Calculate the remainder when 392 is divided by 11.
7
What is the remainder when 4707 is divided by 588?
3
Calculate the remainder when 1056 is divided by 95.
11
What is the remainder when 36797 is divided by 20?
17
What is the remainder when 76 is divided by 29?
18
Calculate the remainder when 3472 is divided by 183.
178
Calculate the remainder when 92 is divided by 24.
20
Calculate the remainder when 54414 is divided by 291.
288
What is the remainder when 3866 is divided by 53?
50
What is the remainder when 98 is divided by 25?
23
What is the remainder when 2925 is divided by 14?
13
What is the remainder when 178 is divided by 66?
46
Calculate the remainder when 58 is divided by 26.
6
What is the remainder when 4777 is divided by 26?
19
Calculate the remainder when 3721 is divided by 464.
9
Calculate the remainder when 408 is divided by 127.
27
Calculate the remainder when 40 is divided by 11.
7
What is the remainder when 2180 is divided by 86?
30
Calculate the remainder when 240 is divided by 27.
24
What is the remainder when 1739 is divided by 33?
23
What is the remainder when 178 is divided by 24?
10
What is the remainder when 174 is divided by 35?
34
Calculate the remainder when 111 is divided by 59.
52
Calculate the remainder when 791 is divided by 21.
14
What is the remainder when 110 is divided by 14?
12
What is the remainder when 722 is divided by 27?
20
Calculate the remainder when 5317 is divided by 28.
25
Calculate the remainder when 364 is divided by 63.
49
What is the remainder when 195 is divided by 154?
41
What is the remainder when 1899 is divided by 22?
7
What is the remainder when 1714 is divided by 8?
2
What is the remainder when 184 is divided by 31?
29
What is the remainder when 2519 is divided by 105?
104
What is the remainder when 17 is divided by 11?
6
What is the remainder when 614 is divided by 15?
14
Calculate the remainder when 2226 is divided by 447.
438
Calculate the remainder when 136 is divided by 133.
3
Calculate the remainder when 634 is divided by 206.
16
Calculate the remainder when 110 is divided by 110.
0
What is the remainder when 9 is divided by 2?
1
Calculate the remainder when 45 is divided by 37.
8
Calculate the remainder when 155 is divided by 13.
12
What is the remainder when 287 is divided by 29?
26
What is the remainder when 855 is divided by 66?
63
Calculate the remainder when 278 is divided by 6.
2
Calculate the remainder when 12036 is divided by 26.
24
What is the remainder when 2041 is divided by 73?
70
What is the remainder when 3429 is divided by 65?
49
What is the remainder when 4584 is divided by 1519?
27
Calculate the remainder when 197 is divided by 42.
29
What is the remainder when 9696 is divided by 25?
21
What is the remainder when 786 is divided by 150?
36
What is the remainder when 1549 is divided by 174?
157
What is the remainder when 26 is divided by 10?
6
What is the remainder when 236 is divided by 48?
44
What is the remainder when 22342 is divided by 42?
40
Calculate the remainder when 278 is divided by 28.
26
What is the remainder when 14327 is divided by 24?
23
Calculate the remainder when 231 is divided by 35.
21
Calculate the remainder when 128 is divided by 33.
29
What is the remainder when 116 is divided by 92?
24
Calculate the remainder when 555 is divided by 14.
9
Calculate the remainder when 16682 is divided by 172.
170
What is the remainder when 976 is divided by 124?
108
What is the remainder when 621 is divided by 67?
18
Calculate the remainder when 928 is divided by 10.
8
Calculate the remainder when 124 is divided by 22.
14
Calculate the remainder when 1761 is divided by 63.
60
Calculate the remainder when 5877 is divided by 8.
5
What is the remainder when 215 is divided by 76?
63
Calculate the remainder when 3839 is divided by 128.
127
Calculate the remainder when 2957 is divided by 13.
6
Calculate the remainder when 12639 is divided by 98.
95
What is the remainder when 2457 is divided by 82?
79
Calculate the remainder when 175 is divided by 82.
11
What is the remainder when 16111 is divided by 38?
37
Calculate the remainder when 170 is divided by 101.
69
Calculate the remainder when 98 is divided by 61.
37
What is the remainder when 1584 is divided by 122?
120
Calculate the remainder when 628 is divided by 63.
61
Calculate the remainder when 41795 is divided by 324.
323
What is the remainder when 706 is divided by 138?
16
Calculate the remainder when 32620 is divided by 19.
16
What is the remainder when 197 is divided by 25?
22
What is the remainder when 393 is divided by 57?
51
What is the remainder when 267 is divided by 54?
51
What is the remainder when 267 is divided by 17?
12
Calculate the remainder when 1379 is divided by 37.
10
What is the remainder when 111 is divided by 33?
12
What is the remainder when 2248 is divided by 46?
40
What is the remainder when 583 is divided by 45?
43
Calculate the remainder when 115 is divided by 9.
7
Calculate the remainder when 926 is divided by 93.
89
Calculate the remainder when 272 is divided by 78.
38
What is the remainder when 432 is divided by 87?
84
What is the remainder when 6832 is divided by 51?
49
What is the remainder when 84 is divided by 30?
24
What is the remainder when 10244 is divided by 218?
216
What is the remainder when 38 is divided by 8?
6
What is the remainder when 222 is divided by 116?
106
What is the remainder when 33 is divided by 18?
15
What is the remainder when 4784 is divided by 133?
129
Calculate the remainder when 1818 is divided by 107.
106
What is the remainder when 63 is divided by 26?
11
Calculate the remainder when 2705 is divided by 46.
37
What is the remainder when 690 is divided by 77?
74
Calculate the remainder when 43 is divided by 16.
11
Calculate the remainder when 57 is divided by 29.
28
What is the remainder when 81 is divided by 22?
15
Calculate the remainder when 64 is divided by 33.
31
Calculate the remainder when 305 is divided by 5.
0
What is the remainder when 11168 is divided by 37?
31
What is the remainder when 464 is divided by 39?
35
What is the remainder when 179 is divided by 45?
44
What is the remainder when 324 is divided by 36?
0
What is the remainder when 233 is divided by 225?
8
What is the remainder when 3932 is divided by 24?
20
What is the remainder when 251 is divided by 107?
37
What is the remainder when 287 is divided by 24?
23
What is the remainder when 2130 is divided by 521?
46
Calculate the remainder when 2245 is divided by 25.
20
Calculate the remainder when 47 is divided by 39.
8
Calculate the remainder when 4199 is divided by 84.
83
What is the remainder when 1731 is divided by 429?
15
Calculate the remainder when 48 is divided by 37.
11
What is the remainder when 199 is divided by 61?
16
Calculate the remainder when 93 is divided by 28.
9
Calculate the remainder when 4365 is divided by 42.
39
What is the remainder when 120 is divided by 14?
8
What is the remainder when 593 is divided by 54?
53
Calculate the remainder when 345 is divided by 89.
78
Calculate the remainder when 429 is divided by 9.
6
Calculate the remainder when 1094 is divided by 18.
14
What is the remainder when 466 is divided by 23?
6
Calculate the remainder when 3836 is divided by 959.
0
What is the remainder when 1208 is divided by 293?
36
What is the remainder when 1519 is divided by 64?
47
What is the remainder when 54 is divided by 14?
12
What is the remainder when 2144 is divided by 74?
72
What is the remainder when 108 is divided by 4?
0
What is the remainder when 3482 is divided by 159?
143
Calculate the remainder when 20 is divided by 17.
3
What is the remainder when 180 is divided by 46?
42
What is the remainder when 45 is divided by 10?